{"id":145,"date":"2017-12-24T20:37:50","date_gmt":"2017-12-24T20:37:50","guid":{"rendered":"http:\/\/mabesat.com\/?page_id=145"},"modified":"2023-10-12T11:41:03","modified_gmt":"2023-10-12T11:41:03","slug":"about-2","status":"publish","type":"page","link":"https:\/\/mabesat.com\/index.php\/about-2\/","title":{"rendered":"EMPRESA"},"content":{"rendered":"<p>[vc_row full_width=\u00bbstretch_row\u00bb content_placement=\u00bbmiddle\u00bb css=\u00bb.vc_custom_1654280431096{padding-top: 110px !important;padding-bottom: 90px !important;background-color: #e5e5e5 !important;}\u00bb el_id=\u00bbabout\u00bb][vc_column el_class=\u00bbsub-title-no\u00bb offset=\u00bbvc_col-lg-6 vc_col-md-6&#8243;]<div class=\"\">\r\n\t<div class=\"rt-vc-title-1 rtin-section-title-left  rtin-dark\">\r\n\t\t\t\t\t<h2 class=\"rt-section-title-vc title32 mitle28\" style=\"font-size:36px; color:#222222;\">SOMOS MABE<\/h2>\r\n\t\t\t\t\t<p class=\"rt-section-sub-title-vc\" style=\"width:100%;\"><\/p>\n<h6 class=\"headline font-inherit fontsize-m fontweight-400 lh-inherit align-center transform-inherit \"><strong>Hortofrut\u00edcola Mabe S.A.T, es una organizaci\u00f3n de Agricultores Asociados, orientada a la producci\u00f3n y la comercializaci\u00f3n de productos de m\u00e1xima calidad con m\u00e1s de 35 a\u00f1os de experiencia.<\/strong><\/h6>\n<p>Contamos con m\u00e1s de 450 socios agricultores y m\u00e1s de 1100 Ha. de cultivo propio, adem\u00e1s de contar con un numeroso grupo de profesionales que controlan todo el proceso desde la producci\u00f3n hasta la comercializaci\u00f3n, cumpliendo siempre en todo el proceso las exigentes normas de calidad MABE.<\/p>\n<p>MABE tiene el compromiso principal de conseguir una rentabilidad estable y adecuada para el agricultor.<\/p>\n<p>Tenemos producci\u00f3n propia de nuestros agricultores y los cultivos son controlados permanentemente por los servicios t\u00e9cnicos de la S.A.T. Desde donde se organizan todos los servicios de planificaci\u00f3n, desarrollo, innovaci\u00f3n e investigaci\u00f3n, control de calidad, an\u00e1lisis y trazabilidad.<\/p>\r\n\t\t\t<\/div>\r\n<\/div>[\/vc_column][vc_column offset=\u00bbvc_col-lg-6 vc_col-md-6 vc_hidden-xs\u00bb][vc_row_inner content_placement=\u00bbbottom\u00bb][vc_column_inner width=\u00bb1\/2&#8243;][vc_single_image image=\u00bb5214&#8243; img_size=\u00bbfull\u00bb onclick=\u00bbzoom\u00bb css=\u00bb.vc_custom_1654268025170{padding-bottom: 30px !important;}\u00bb][vc_single_image image=\u00bb4741&#8243; img_size=\u00bbfull\u00bb onclick=\u00bbzoom\u00bb css=\u00bb.vc_custom_1570705031156{padding-bottom: 30px !important;}\u00bb][\/vc_column_inner][vc_column_inner width=\u00bb1\/2&#8243;][vc_single_image image=\u00bb4800&#8243; img_size=\u00bbfull\u00bb onclick=\u00bbzoom\u00bb css=\u00bb.vc_custom_1573057644083{padding-bottom: 30px !important;}\u00bb][vc_single_image image=\u00bb4743&#8243; img_size=\u00bbfull\u00bb onclick=\u00bbzoom\u00bb css=\u00bb.vc_custom_1570705100484{padding-bottom: 30px !important;}\u00bb][\/vc_column_inner][\/vc_row_inner][\/vc_column][\/vc_row][vc_row full_width=\u00bbstretch_row\u00bb gap=\u00bb35&#8243; equal_height=\u00bbyes\u00bb content_placement=\u00bbmiddle\u00bb css=\u00bb.vc_custom_1654274532002{padding-top: 80px !important;background-color: rgba(232,232,232,0.43) !important;background-position: center !important;background-repeat: no-repeat !important;background-size: cover !important;*background-color: rgb(232,232,232) !important;}\u00bb el_class=\u00bbhome6-video-section\u00bb][vc_column video_bg=\u00bbyes\u00bb video_bg_url=\u00bbhttps:\/\/www.youtube.com\/watch?v=ncI8zk5CykE\u00bb width=\u00bb1\/2&#8243; css=\u00bb.vc_custom_1654274406524{padding-right: 110px !important;padding-left: 110px !important;}\u00bb]<div class=\"rt-vc-video rt-light\">\n\t\t<div class=\"rtin-item vc_custom_1651753814765\">\n\t\t<a class=\"rtin-btn rt-video-popup\" href=\"https:\/\/www.youtube.com\/watch?v=ncI8zk5CykE\"><i class=\"fa fa-play\" aria-hidden=\"true\"><\/i><\/a>\n\t<\/div>\n<\/div>[\/vc_column][vc_column width=\u00bb1\/2&#8243; el_class=\u00bbvideo-right\u00bb]<div class=\" common\" style=\"text-align: left;\">\r\n\t<div class=\"rt-text-with-btn\">\r\n\t\t<div class=\"data-area\">\r\n\t\t\t\t\t<h2 style=\"color: #0c0c0c; font-size: 38px; font-weight:bold\">INSTALACIONES<\/h2>\r\n\t\t\t\t\t\t\t<p style=\"color:#0a0a0a;\">Mabe viene desarrollando su trabajo en m\u00e1s de tres d\u00e9cadas de historia.<\/p>\n<p>Actualmente MABE cuenta con una nave de 25.000 metros cuadrados y unas instalaciones consideradas, de entre las m\u00e1s avanzadas y modernas para la recepci\u00f3n, manipulaci\u00f3n y envasado del sector. Instalaciones totalmente climatizadas, con control facial para el acceso de personal, con control de trazabilidad autom\u00e1tico y por supuesto una maquinaria que nos permite ser m\u00e1s \u00e1giles, eficaces, y competitivos.<\/p>\n<p>Y todo ello, sin perder la esencia del trabajo bien hecho y del servicio a nuestros clientes.<\/p>\r\n\t\t\t\t\t\t<\/div>\r\n\t<\/div>\r\n<\/div>[vc_column_text]<\/p>\n<h4><a href=\"https:\/\/www.youtube.com\/watch?v=qmUQgF5qliE\" target=\"_blank\" rel=\"noopener noreferrer\">VER V\u00cdDEO HORTOFRUT\u00cdCOLA MABE VERSI\u00d3N INGL\u00c9S<\/a><\/h4>\n<p>[\/vc_column_text][\/vc_column][\/vc_row][vc_row full_width=\u00bbstretch_row\u00bb css=\u00bb.vc_custom_1653498522272{background-color: rgba(232,232,232,0.43) !important;*background-color: rgb(232,232,232) !important;}\u00bb][vc_column][vc_empty_space height=\u00bb72px\u00bb][\/vc_column][\/vc_row][vc_row full_width=\u00bbstretch_row\u00bb css=\u00bb.vc_custom_1570183341763{padding-top: 120px !important;padding-bottom: 70px !important;background: #009183 url(http:\/\/mabesat.com\/wp-content\/uploads\/2019\/05\/counter_bg7.png?id=4095) !important;background-position: center !important;background-repeat: no-repeat !important;background-size: cover !important;}\u00bb el_class=\u00bbinfo-layout-text-color\u00bb][vc_column width=\u00bb1\/2&#8243;]<div class=\"show_icon_bord vc_custom_1569872825956 layout3  flaticon  rt-info-text-3\" data-color=\"#ffffff\" data-title-color=\"#ffffff\" data-title-hover=\"#dbdbdb\" data-bghovercolor=\"#3e247e\">\n\t<div class=\"media\" style=\"\" >\n\t\t<div class=\"pull-left\">\n\t\t\t\t\n\t\t\t\t\t\t<i style=\"border-color:#ffffff; color:#ffffff;\n\t\t\tfont-size: 50px;\" class=\"flaticon-green-document\" aria-hidden=\"true\"><\/i>            \n\t\t\t\t\t\n\t\t<\/div>\n\t\t<div class=\"media-body\">\n\t\t\t\t\t<h3 style=\"font-size: 32px;\">COMPROMISO Y SEGURIDAD<\/h3>\n\t\t\t\t\t<p style=\"\"><\/p>\n\t\t<\/div>\n\t\t\n\t<\/div>\n<\/div>[\/vc_column][vc_column width=\u00bb1\/2&#8243;]<div class=\"show_icon_bord vc_custom_1569872837032 layout3  flaticon  rt-info-text-3\" data-color=\"#ffffff\" data-title-color=\"#ffffff\" data-title-hover=\"#dbdbdb\" data-bghovercolor=\"#3e247e\">\n\t<div class=\"media\" style=\"\" >\n\t\t<div class=\"pull-left\">\n\t\t\t\t\n\t\t\t\t\t\t<i style=\"border-color:#ffffff; color:#ffffff;\n\t\t\tfont-size: 50px;\" class=\"flaticon-green-book\" aria-hidden=\"true\"><\/i>            \n\t\t\t\t\t\n\t\t<\/div>\n\t\t<div class=\"media-body\">\n\t\t\t\t\t<h3 style=\"font-size: 32px;\">CALIDAD EN PRODUCTOS Y PROCESOS<\/h3>\n\t\t\t\t\t<p style=\"\"><\/p>\n\t\t<\/div>\n\t\t\n\t<\/div>\n<\/div>[\/vc_column][\/vc_row][vc_row full_width=\u00bbstretch_row\u00bb el_class=\u00bbipad-bt-84 two-image-box\u00bb css=\u00bb.vc_custom_1654279185959{padding-top: 114px !important;padding-bottom: 77px !important;background-color: rgba(232,232,232,0.43) !important;background-position: center !important;background-repeat: no-repeat !important;background-size: cover !important;*background-color: rgb(232,232,232) !important;}\u00bb el_id=\u00bbteam\u00bb][vc_column width=\u00bb1\/2&#8243;]<div class=\"\">\r\n\t<div class=\"rt-image\">\r\n\t\t<div class=\"rtin-back-image\"><img width=\"960\" height=\"630\" src=\"https:\/\/mabesat.com\/wp-content\/uploads\/2019\/10\/INSTALA-1.jpg\" class=\"attachment-full size-full\" alt=\"\" loading=\"lazy\" srcset=\"https:\/\/mabesat.com\/wp-content\/uploads\/2019\/10\/INSTALA-1.jpg 960w, https:\/\/mabesat.com\/wp-content\/uploads\/2019\/10\/INSTALA-1-300x197.jpg 300w, https:\/\/mabesat.com\/wp-content\/uploads\/2019\/10\/INSTALA-1-768x504.jpg 768w\" sizes=\"(max-width: 960px) 100vw, 960px\" \/>\t\t\t<div class=\"rtin-overlay-image\"><img width=\"2560\" height=\"1442\" src=\"https:\/\/mabesat.com\/wp-content\/uploads\/2022\/06\/P1001529-scaled.jpg\" class=\"attachment-full size-full\" alt=\"\" loading=\"lazy\" srcset=\"https:\/\/mabesat.com\/wp-content\/uploads\/2022\/06\/P1001529-scaled.jpg 2560w, https:\/\/mabesat.com\/wp-content\/uploads\/2022\/06\/P1001529-300x169.jpg 300w, https:\/\/mabesat.com\/wp-content\/uploads\/2022\/06\/P1001529-1024x577.jpg 1024w, https:\/\/mabesat.com\/wp-content\/uploads\/2022\/06\/P1001529-768x433.jpg 768w, https:\/\/mabesat.com\/wp-content\/uploads\/2022\/06\/P1001529-1536x865.jpg 1536w, https:\/\/mabesat.com\/wp-content\/uploads\/2022\/06\/P1001529-2048x1154.jpg 2048w\" sizes=\"(max-width: 2560px) 100vw, 2560px\" \/><\/div>\r\n\t\t<\/div>\r\n\t<\/div>\r\n<\/div><div class=\"\">\r\n\t<div class=\"rt-image\">\r\n\t\t<div class=\"rtin-back-image\"><img width=\"1920\" height=\"1080\" src=\"https:\/\/mabesat.com\/wp-content\/uploads\/2022\/06\/13.jpg\" class=\"attachment-full size-full\" alt=\"\" loading=\"lazy\" srcset=\"https:\/\/mabesat.com\/wp-content\/uploads\/2022\/06\/13.jpg 1920w, https:\/\/mabesat.com\/wp-content\/uploads\/2022\/06\/13-300x169.jpg 300w, https:\/\/mabesat.com\/wp-content\/uploads\/2022\/06\/13-1024x576.jpg 1024w, https:\/\/mabesat.com\/wp-content\/uploads\/2022\/06\/13-768x432.jpg 768w, https:\/\/mabesat.com\/wp-content\/uploads\/2022\/06\/13-1536x864.jpg 1536w\" sizes=\"(max-width: 1920px) 100vw, 1920px\" \/>\t\t\t<div class=\"rtin-overlay-image\"><img width=\"1920\" height=\"1081\" src=\"https:\/\/mabesat.com\/wp-content\/uploads\/2022\/06\/04.jpg\" class=\"attachment-full size-full\" alt=\"\" loading=\"lazy\" srcset=\"https:\/\/mabesat.com\/wp-content\/uploads\/2022\/06\/04.jpg 1920w, https:\/\/mabesat.com\/wp-content\/uploads\/2022\/06\/04-300x169.jpg 300w, https:\/\/mabesat.com\/wp-content\/uploads\/2022\/06\/04-1024x577.jpg 1024w, https:\/\/mabesat.com\/wp-content\/uploads\/2022\/06\/04-768x432.jpg 768w, https:\/\/mabesat.com\/wp-content\/uploads\/2022\/06\/04-1536x865.jpg 1536w\" sizes=\"(max-width: 1920px) 100vw, 1920px\" \/><\/div>\r\n\t\t<\/div>\r\n\t<\/div>\r\n<\/div>[\/vc_column][vc_column width=\u00bb1\/2&#8243;]<div class=\"\">\r\n\t<div class=\"rt-vc-title-1 rtin-section-title-left  rtin-dark\">\r\n\t\t\t\t\t<h2 class=\"rt-section-title-vc title32 mitle28\" style=\"font-size:36px; color:#222222;\">NUESTRO EQUIPO<\/h2>\r\n\t\t\t\t\t<p class=\"rt-section-sub-title-vc\" style=\"width:100%;\"><\/p>\n<h3 class=\"headline font-inherit fontsize-m fontweight-300 lh-inherit align-left transform-inherit \">MABE cuenta con un experimentado equipo humano, donde la proactividad y el compromiso con la empresa son los valores m\u00e1s importantes.<\/h3>\n<p>Disponemos de un Departamento T\u00e9cnico, el cual lo integran ingenieros agr\u00f3nomos, los cuales, controlan toda la producci\u00f3n, desde su plantaci\u00f3n hasta su recolecci\u00f3n. El Departamento Tecnico junto con el Departamento comercial y la Direcci\u00f3n de la empresa, planifican los cultivos y analizan las variedades, para obtener un producto de la m\u00e1xima calidad que se adapte a las exigencias de nuestros clientes.<\/p>\n<p>En nuestro Departamento de producci\u00f3n contamos con profesionales con mucha experiencia que coordinan, controlan y analizan todas las fases del producto para que los pedidos de nuestros clientes sean realizados en tiempo y forma, seg\u00fan sus exigencias y especificaciones, siempre con la supervisi\u00f3n de nuestro personal del Departamento de Calidad, el cual controla que el producto re\u00fane las exigencias de calidad y envasado de nuestros clientes.<\/p>\n<p>Y por \u00faltimo y no menos importantes nuestros Departamentos de Administraci\u00f3n y Comercial, a trav\u00e9s de los cuales se canaliza todo el proceso de gesti\u00f3n y comercializaci\u00f3n de todo el producto de nuestros asociados.<\/p>\r\n\t\t\t<\/div>\r\n<\/div>[\/vc_column][\/vc_row][vc_row][vc_column][layerslider_vc id=\u00bb14&#8243;][\/vc_column][\/vc_row][vc_row full_width=\u00bbstretch_row\u00bb css=\u00bb.vc_custom_1570182843217{padding-top: 120px !important;padding-bottom: 90px !important;background-color: #009183 !important;background-position: center !important;background-repeat: no-repeat !important;background-size: cover !important;}\u00bb][vc_column width=\u00bb1\/2&#8243; css=\u00bb.vc_custom_1573134136101{margin-bottom: 30px !important;}\u00bb offset=\u00bbvc_col-lg-3 vc_col-md-3&#8243;]<div class=\"rt-vc-counter-3 \" >\n\t<div class=\"about-counter-list\">\n\t\t<div class=\"media\">\n\t\t\t<a href=\"#\" class=\"pull-left\">\t\t\t\t\n\t\t\t\t<i class=\"fa fa-bar-chart\" aria-hidden=\"true\" style=\"color:#ffffff;font-size: 60px;\"><\/i>\n\t\t\t<\/a>\n\t\t\t<div class=\"media-body\">\n\t\t\t\t<h2 class=\"rt-counter about-counter\" style=\"color:#ffffff;font-size: 40px;\" data-num=\"25000\" data-rtSpeed=\"3000\" data-rtSteps=\"10\">25000<\/h2>\n\t\t\t\t<span style=\"color:#ffffff;font-size: 16px;\">Metros cuadrados de instalaciones<\/span>\n\t\t\t<\/div>\n\t\t<\/div>\n\t<\/div>\n<\/div>[\/vc_column][vc_column width=\u00bb1\/2&#8243; css=\u00bb.vc_custom_1573134163148{margin-bottom: 30px !important;}\u00bb offset=\u00bbvc_col-lg-3 vc_col-md-3&#8243;]<div class=\"rt-vc-counter-3 \" >\n\t<div class=\"about-counter-list\">\n\t\t<div class=\"media\">\n\t\t\t<a href=\"#\" class=\"pull-left\">\t\t\t\t\n\t\t\t\t<i class=\"flaticon-green-2-grass\" aria-hidden=\"true\" style=\"color:#ffffff;font-size: 60px;\"><\/i>\n\t\t\t<\/a>\n\t\t\t<div class=\"media-body\">\n\t\t\t\t<h2 class=\"rt-counter about-counter\" style=\"color:#ffffff;font-size: 40px;\" data-num=\"1100\" data-rtSpeed=\"3000\" data-rtSteps=\"10\">1100<\/h2>\n\t\t\t\t<span style=\"color:#ffffff;font-size: 16px;\">1100 hect\u00e1reas de cultivo propio<\/span>\n\t\t\t<\/div>\n\t\t<\/div>\n\t<\/div>\n<\/div>[\/vc_column][vc_column width=\u00bb1\/2&#8243; css=\u00bb.vc_custom_1573134168947{margin-bottom: 30px !important;}\u00bb offset=\u00bbvc_col-lg-3 vc_col-md-3&#8243;]<div class=\"rt-vc-counter-3 \" >\n\t<div class=\"about-counter-list\">\n\t\t<div class=\"media\">\n\t\t\t<a href=\"#\" class=\"pull-left\">\t\t\t\t\n\t\t\t\t<i class=\"flaticon-green-2-users\" aria-hidden=\"true\" style=\"color:#ffffff;font-size: 60px;\"><\/i>\n\t\t\t<\/a>\n\t\t\t<div class=\"media-body\">\n\t\t\t\t<h2 class=\"rt-counter about-counter\" style=\"color:#ffffff;font-size: 40px;\" data-num=\"450\" data-rtSpeed=\"3000\" data-rtSteps=\"10\">450<\/h2>\n\t\t\t\t<span style=\"color:#ffffff;font-size: 16px;\">M\u00e1s de 450 socios agricultores<\/span>\n\t\t\t<\/div>\n\t\t<\/div>\n\t<\/div>\n<\/div>[\/vc_column][vc_column width=\u00bb1\/2&#8243; css=\u00bb.vc_custom_1572880305624{margin-bottom: 30px !important;}\u00bb offset=\u00bbvc_col-lg-3 vc_col-md-3 vc_hidden-xs\u00bb]<div class=\"rt-vc-counter-3 \" >\n\t<div class=\"about-counter-list\">\n\t\t<div class=\"media\">\n\t\t\t<a href=\"#\" class=\"pull-left\">\t\t\t\t\n\t\t\t\t<i class=\"flaticon-green-document\" aria-hidden=\"true\" style=\"color:#ffffff;font-size: 60px;\"><\/i>\n\t\t\t<\/a>\n\t\t\t<div class=\"media-body\">\n\t\t\t\t<h2 class=\"rt-counter about-counter\" style=\"color:#ffffff;font-size: 40px;\" data-num=\"100\" data-rtSpeed=\"3000\" data-rtSteps=\"10\">100<\/h2>\n\t\t\t\t<span style=\"color:#ffffff;font-size: 16px;\">100% de compromiso con nuestros clientes<\/span>\n\t\t\t<\/div>\n\t\t<\/div>\n\t<\/div>\n<\/div>[\/vc_column][\/vc_row][vc_row full_width=\u00bbstretch_row_content_no_spaces\u00bb equal_height=\u00bbyes\u00bb content_placement=\u00bbmiddle\u00bb el_class=\u00bbmap-address\u00bb css=\u00bb.vc_custom_1569875903349{background-color: #009183 !important;}\u00bb el_id=\u00bbcontact\u00bb][vc_column width=\u00bb1\/2&#8243;][vc_gmaps link=\u00bb#E-8_JTNDaWZyYW1lJTIwc3JjJTNEJTIyaHR0cHMlM0ElMkYlMkZ3d3cuZ29vZ2xlLmNvbSUyRm1hcHMlMkZlbWJlZCUzRnBiJTNEJTIxMW0xOCUyMTFtMTIlMjExbTMlMjExZDYzOTIuMzIzNDExNzU5OTExJTIxMmQtMi43NjQ1ODA3MjgyNjEzNzclMjEzZDM2Ljc2NjY4ODAxNDMxMzI5NiUyMTJtMyUyMTFmMCUyMTJmMCUyMTNmMCUyMTNtMiUyMTFpMTAyNCUyMTJpNzY4JTIxNGYxMy4xJTIxM20zJTIxMW0yJTIxMXMweGQ3MDQyZTAyYmJmYzg0MyUyNTNBMHhlMGUzZWY1NjJhNTkxYjk3JTIxMnNIb3J0b2ZydXQlMjVDMyUyNUFEY29sYSUyNTIwTWFiZSUyNTIwUy5BLlQuJTIxNWUwJTIxM20yJTIxMXNlcy00MTklMjEyc2VzJTIxNHYxNTcwMjExMjc0NDM5JTIxNW0yJTIxMXNlcy00MTklMjEyc2VzJTIyJTIwd2lkdGglM0QlMjI2MDAlMjIlMjBoZWlnaHQlM0QlMjI0NTAlMjIlMjBmcmFtZWJvcmRlciUzRCUyMjAlMjIlMjBzdHlsZSUzRCUyMmJvcmRlciUzQTAlM0IlMjIlMjBhbGxvd2Z1bGxzY3JlZW4lM0QlMjIlMjIlM0UlM0MlMkZpZnJhbWUlM0U=\u00bb]<div class=\"rt-vc-contact-2 \">\n\t<div class=\"header-info\">\n\t\t\t\t\t<h2>HORTOFRUT\u00cdCOLA MABE<\/h2>\n\t\t\t\t\t<\/div>\n\t<ul class=\"rtin-item\">\n\t\t\t\t\t\t\t\t\t\t \n\t<\/ul>\n<\/div>[\/vc_column][vc_column width=\u00bb1\/2&#8243; el_class=\u00bbcontact-onepage\u00bb]<div class=\"\">\n\t<div class=\"rt-vc-title-2 rtin-section-title-center\">\n\t\t\t\t\t<h2 class=\"rt-section-title-vc title32 mitle28\" style=\"font-size:36px; color:#ffffff;\">CONTACTO<\/h2>\n\t\t\t<\/div>\n<\/div><div role=\"form\" class=\"wpcf7\" id=\"wpcf7-f5471-o1\" lang=\"en-US\" dir=\"ltr\">\n<div class=\"screen-reader-response\"><p role=\"status\" aria-live=\"polite\" aria-atomic=\"true\"><\/p> <ul><\/ul><\/div>\n<form action=\"\/index.php\/wp-json\/wp\/v2\/pages\/145#wpcf7-f5471-o1\" method=\"post\" class=\"wpcf7-form init\" novalidate=\"novalidate\" data-status=\"init\">\n<div style=\"display: none;\">\n<input type=\"hidden\" name=\"_wpcf7\" value=\"5471\" \/>\n<input type=\"hidden\" name=\"_wpcf7_version\" value=\"5.3\" \/>\n<input type=\"hidden\" name=\"_wpcf7_locale\" value=\"en_US\" \/>\n<input type=\"hidden\" name=\"_wpcf7_unit_tag\" value=\"wpcf7-f5471-o1\" \/>\n<input type=\"hidden\" name=\"_wpcf7_container_post\" value=\"0\" \/>\n<input type=\"hidden\" name=\"_wpcf7_posted_data_hash\" value=\"\" \/>\n<\/div>\n<div id=\"contact-form\">\n<div class=\"col-md-6 col-sm-12\">\n<div class=\"form-group\"><span class=\"wpcf7-form-control-wrap text-203\"><input type=\"text\" name=\"text-203\" value=\"\" size=\"40\" class=\"wpcf7-form-control wpcf7-text wpcf7-validates-as-required form-control\" aria-required=\"true\" aria-invalid=\"false\" placeholder=\"Nombre*\" \/><\/span><\/div><\/div>\n<div class=\"col-md-6 col-sm-12\">\n<div class=\"form-group\"><span class=\"wpcf7-form-control-wrap email-628\"><input type=\"email\" name=\"email-628\" value=\"\" size=\"40\" class=\"wpcf7-form-control wpcf7-text wpcf7-email wpcf7-validates-as-required wpcf7-validates-as-email form-control\" aria-required=\"true\" aria-invalid=\"false\" placeholder=\"Email*\" \/><\/span><\/div><\/div>\n<div class=\"col-md-6 col-sm-12\">\n<div class=\"form-group\"><span class=\"wpcf7-form-control-wrap tel-640\"><input type=\"tel\" name=\"tel-640\" value=\"\" size=\"40\" class=\"wpcf7-form-control wpcf7-text wpcf7-tel wpcf7-validates-as-required wpcf7-validates-as-tel form-control\" aria-required=\"true\" aria-invalid=\"false\" placeholder=\"Tel\u00e9fono\" \/><\/span><\/div><\/div>\n<div class=\"col-md-6 col-sm-12\">\n<div class=\"form-group\"><span class=\"wpcf7-form-control-wrap subj-740\"><input type=\"text\" name=\"subj-740\" value=\"\" size=\"40\" class=\"wpcf7-form-control wpcf7-text wpcf7-validates-as-required form-control\" aria-required=\"true\" aria-invalid=\"false\" placeholder=\"Asunto\" \/><\/span><\/div><\/div>\n<div class=\"col-sm-12\">\n<div class=\"form-group\"><span class=\"wpcf7-form-control-wrap textarea-451\"><textarea name=\"textarea-451\" cols=\"40\" rows=\"5\" class=\"wpcf7-form-control wpcf7-textarea wpcf7-validates-as-required form-control Message\" aria-required=\"true\" aria-invalid=\"false\" placeholder=\"Mensaje*\"><\/textarea><\/span><\/div><\/div>\n<div class=\"col-md-6 col-sm-12\">\n                        <label>A qui\u00e9n dirige este mensaje<br \/><span class=\"wpcf7-form-control-wrap DESTINATARIO\"><select name=\"DESTINATARIO\" class=\"wpcf7-form-control wpcf7-select wpcf7-validates-as-required\" aria-required=\"true\" aria-invalid=\"false\"><option value=\"GERENCIA\">GERENCIA<\/option><option value=\"COMERCIAL\">COMERCIAL<\/option><option value=\"PERSONAL\">PERSONAL<\/option><option value=\"ADMINISTRACI\u00d3N\">ADMINISTRACI\u00d3N<\/option><option value=\"CALIDAD\">CALIDAD<\/option><option value=\"PRODUCCI\u00d3N\">PRODUCCI\u00d3N<\/option><option value=\"OPFH\">OPFH<\/option><option value=\"INFORM\u00c1TICA\">INFORM\u00c1TICA<\/option><\/select><\/span>\n\t\t\t<\/div>\n<div class=\"col-sm-12\">\nResponsable: MABE, S.A.T<br \/>\nFinalidad: Gestionar y responder a las consultas o comunicaciones recibidas a trav\u00e9s del formulario de contacto.<br \/>\nLegitimaci\u00f3n: Consentimiento de la persona interesada.<br \/>\nDestinatarios: No se ceder\u00e1n datos salvo obligaci\u00f3n legal.<br \/>\nDerechos: Tiene derecho a acceder, rectificar y suprimir los datos, as\u00ed como otros derechos, como se explica en la informaci\u00f3n adicional.<br \/>\nProtecci\u00f3n de datos personales<br \/>\nUtilizaremos sus datos para responder consultas y realizar an\u00e1lisis estad\u00edsticos.<br \/>\nPara m\u00e1s informaci\u00f3n sobre el tratamiento y sus derechos, consulte la pol\u00edtica de privacidad.<\/p>\n<p><span class=\"wpcf7-form-control-wrap privacidad\"><span class=\"wpcf7-form-control wpcf7-acceptance\"><span class=\"wpcf7-list-item\"><label><input type=\"checkbox\" name=\"privacidad\" value=\"1\" aria-invalid=\"false\" \/><span class=\"wpcf7-list-item-label\">He le\u00eddo y acepto la <a href=\"https:\/\/mabesat.com\/index.php\/politica-de-privacidad-2\/\"> pol\u00edtica de privacidad<\/span><\/label><\/span><\/span><\/span><\/p><\/div>\n<div class=\"col-sm-12\">\n<div class=\"form-group\">\n<div class=\"contact-light-button\"><span><input type=\"submit\" value=\"ENVIAR\" class=\"wpcf7-form-control wpcf7-submit con-form\" \/><\/span><\/div>\n<\/div><\/div>\n<div class=\"col-lg-8 col-md-8 col-sm-6 col-sm-12\">\n<div class='form-response'>\n<div class=\"wpcf7-response-output\" aria-hidden=\"true\"><\/div>\n<\/div><\/div><\/div>\n<\/div>\n<\/form><\/div>[\/vc_column][\/vc_row]<\/p>\n","protected":false},"excerpt":{"rendered":"<p>[vc_row full_width=\u00bbstretch_row\u00bb content_placement=\u00bbmiddle\u00bb css=\u00bb.vc_custom_1654280431096{padding-top: 110px !important;padding-bottom: 90px !important;background-color: #e5e5e5 !important;}\u00bb el_id=\u00bbabout\u00bb][vc_column el_class=\u00bbsub-title-no\u00bb offset=\u00bbvc_col-lg-6 vc_col-md-6&#8243;][\/vc_column][vc_column offset=\u00bbvc_col-lg-6 vc_col-md-6 vc_hidden-xs\u00bb][vc_row_inner content_placement=\u00bbbottom\u00bb][vc_column_inner width=\u00bb1\/2&#8243;][vc_single_image image=\u00bb5214&#8243; img_size=\u00bbfull\u00bb onclick=\u00bbzoom\u00bb css=\u00bb.vc_custom_1654268025170{padding-bottom: 30px !important;}\u00bb][vc_single_image image=\u00bb4741&#8243; img_size=\u00bbfull\u00bb onclick=\u00bbzoom\u00bb css=\u00bb.vc_custom_1570705031156{padding-bottom: 30px !important;}\u00bb][\/vc_column_inner][vc_column_inner width=\u00bb1\/2&#8243;][vc_single_image image=\u00bb4800&#8243; img_size=\u00bbfull\u00bb onclick=\u00bbzoom\u00bb css=\u00bb.vc_custom_1573057644083{padding-bottom: 30px !important;}\u00bb][vc_single_image image=\u00bb4743&#8243; img_size=\u00bbfull\u00bb onclick=\u00bbzoom\u00bb css=\u00bb.vc_custom_1570705100484{padding-bottom: 30px !important;}\u00bb][\/vc_column_inner][\/vc_row_inner][\/vc_column][\/vc_row][vc_row full_width=\u00bbstretch_row\u00bb gap=\u00bb35&#8243; equal_height=\u00bbyes\u00bb content_placement=\u00bbmiddle\u00bb css=\u00bb.vc_custom_1654274532002{padding-top: 80px !important;background-color: rgba(232,232,232,0.43) !important;background-position: center !important;background-repeat: [&hellip;]<\/p>\n","protected":false},"author":1,"featured_media":0,"parent":0,"menu_order":0,"comment_status":"closed","ping_status":"closed","template":"","meta":[],"_links":{"self":[{"href":"https:\/\/mabesat.com\/index.php\/wp-json\/wp\/v2\/pages\/145"}],"collection":[{"href":"https:\/\/mabesat.com\/index.php\/wp-json\/wp\/v2\/pages"}],"about":[{"href":"https:\/\/mabesat.com\/index.php\/wp-json\/wp\/v2\/types\/page"}],"author":[{"embeddable":true,"href":"https:\/\/mabesat.com\/index.php\/wp-json\/wp\/v2\/users\/1"}],"replies":[{"embeddable":true,"href":"https:\/\/mabesat.com\/index.php\/wp-json\/wp\/v2\/comments?post=145"}],"version-history":[{"count":19,"href":"https:\/\/mabesat.com\/index.php\/wp-json\/wp\/v2\/pages\/145\/revisions"}],"predecessor-version":[{"id":5496,"href":"https:\/\/mabesat.com\/index.php\/wp-json\/wp\/v2\/pages\/145\/revisions\/5496"}],"wp:attachment":[{"href":"https:\/\/mabesat.com\/index.php\/wp-json\/wp\/v2\/media?parent=145"}],"curies":[{"name":"wp","href":"https:\/\/api.w.org\/{rel}","templated":true}]}}